853
List the prime factors of 962215560.
2, 3, 5, 2672821
List the prime factors of 1165170107.
1165170107
What are the prime factors of 256870672?
2, 16054417
List the prime factors of 430201892.
2, 29, 3708637
What are the prime factors of 2594194328?
2, 11, 31, 47, 20233
List the prime factors of 3756854999.
47309, 79411
What are the prime factors of 5586902?
2, 2793451
List the prime factors of 306519353.
7, 6255497
List the prime factors of 23484783.
3, 7, 659, 1697
What are the prime factors of 368552089?
53, 6953813
What are the prime factors of 2019093060?
2, 3, 5, 17, 79, 25057
What are the prime factors of 5506815468?
2, 3, 7, 11, 43, 138599
List the prime factors of 85981597.
13, 17, 389057
List the prime factors of 860623797.
3, 11, 26079509
List the prime factors of 152937482.
2, 73, 449, 2333
What are the prime factors of 204970715?
5, 1879, 21817
What are the prime factors of 73232952?
2, 3, 13, 234721
List the prime factors of 47445146.
2, 7, 3388939
List the prime factors of 11792938.
2, 67, 88007
What are the prime factors of 2858892?
2, 3, 19, 12539
List the prime factors of 37202648.
2, 7, 709, 937
List the prime factors of 485817574.
2, 11, 19, 1162243
What are the prime factors of 1108665966?
2, 3, 184777661
List the prime factors of 32403674.
2, 16201837
List the prime factors of 715856699.
715856699
List the prime factors of 80043601.
11, 167, 43573
What are the prime factors of 283923918?
2, 3, 15773551
List the prime factors of 2425926092.
2, 6043, 100361
List the prime factors of 655252109.
4447, 147347
List the prime factors of 35838872.
2, 827, 5417
What are the prime factors of 112167692?
2, 7, 13, 308153
List the prime factors of 137743606.
2, 7, 11, 13, 9829
List the prime factors of 2355828629.
7, 11, 30595177
List the prime factors of 1254602527.
277, 4529251
List the prime factors of 1141278688.
2, 11, 877, 3697
List the prime factors of 8128273229.
8128273229
What are the prime factors of 761519409?
3, 7, 499, 72671
What are the prime factors of 1979983338?
2, 3, 329997223
What are the prime factors of 31178585?
5, 71, 1237
What are the prime factors of 587494429?
89, 6601061
What are the prime factors of 1208224882?
2, 604112441
What are the prime factors of 35371935?
3, 5, 53, 14831
List the prime factors of 150481734.
2, 3, 13, 53, 89, 409
What are the prime factors of 2010671288?
2, 643, 390877
List the prime factors of 6974604.
2, 3, 7, 13, 2129
What are the prime factors of 739325320?
2, 5, 18483133
What are the prime factors of 2082323192?
2, 29, 8975531
List the prime factors of 12548805.
3, 5, 17, 49211
List the prime factors of 3622836207.
3, 83, 163, 89261
List the prime factors of 114437253.
3, 7, 5449393
What are the prime factors of 88411735?
5, 17682347
What are the prime factors of 362758978?
2, 181379489
List the prime factors of 881205771.
3, 83, 3538979
What are the prime factors of 17926858?
2, 8963429
List the prime factors of 644791219.
12487, 51637
What are the prime factors of 534548089?
53, 10085813
What are the prime factors of 2043722189?
43, 103, 461441
What are the prime factors of 871593?
3, 290531
What are the prime factors of 56841288?
2, 3, 7, 338341
What are the prime factors of 35385541?
569, 62189
List the prime factors of 4039215500.
2, 5, 8078431
List the prime factors of 1956866067.
3, 13, 5575117
What are the prime factors of 287056245?
3, 5, 7, 2733869
What are the prime factors of 2082229184?
2, 7, 239, 19447
List the prime factors of 1544920174.
2, 7, 47, 2347903
What are the prime factors of 354950576?
2, 22184411
List the prime factors of 174149945.
5, 443, 78623
What are the prime factors of 930911479?
19, 353, 138797
What are the prime factors of 3041882?
2, 53, 28697
List the prime factors of 488872874.
2, 7, 131, 149, 1789
List the prime factors of 11816354.
2, 11, 151, 3557
What are the prime factors of 1012680437?
149, 449, 15137
What are the prime factors of 1104632314?
2, 97, 271, 21011
What are the prime factors of 977905816?
2, 122238227
List the prime factors of 715141563.
3, 238380521
List the prime factors of 12601383.
3, 1459, 2879
List the prime factors of 733563790.
2, 5, 73356379
What are the prime factors of 1026471977?
89, 11533393
List the prime factors of 848437952.
2, 83, 159721
List the prime factors of 1124546824.
2, 31, 146273
What are the prime factors of 327504997?
109, 3004633
List the prime factors of 2398357427.
37, 64820471
What are the prime factors of 25083564?
2, 3, 11, 190027
List the prime factors of 398876842.
2, 7, 13, 19, 467
What are the prime factors of 3265809454?
2, 1632904727
What are the prime factors of 70494748?
2, 3517, 5011
List the prime factors of 326800529.
11, 467, 63617
List the prime factors of 3630105649.
18251, 198899
What are the prime factors of 1325039110?
2, 5, 59, 397, 5657
What are the prime factors of 636503912?
2, 11, 97, 74567
What are the prime factors of 4236242362?
2, 11, 59, 359, 9091
What are the prime factors of 1826379513?
3, 7, 17, 1705303
What are the prime factors of 9236440?
2, 5, 17, 47
What are the prime factors of 557483643?
3, 367, 168781
What are the prime factors of 63685476?
2, 3, 1769041
List the prime factors of 909374858.
2, 7, 64955347
List the prime factors of 14752845.
3, 5, 137, 2393
List the prime factors of 149637682.
2, 31, 2413511
List the prime factors of 2199243397.
13, 169172569
What are the prime factors of 4546159?
83, 54773
What are the prime factors of 5979259?
11, 13, 41813
List the prime factors of 857801699.
857801699
What are the prime factors of 3165168867?
3, 7, 2719, 7919
List the prime factors of 281429742.
2, 3, 11, 617, 6911
What are the prime factors of 26284483?
139, 263, 719
List the prime factors of 2005898058.
2, 3, 19, 5865199
List the prime factors of 117467679.
3, 7, 97, 57667
What are the prime factors of 350720333?
71, 853, 5791
What are the prime factors of 30155513?
43, 701291
List the prime factors of 788999945.
5, 239, 660251
List the prime factors of 683025662.
2, 11, 61, 508961
What are the prime factors of 146062026?
2, 3, 11, 737687
What are the prime factors of 45087518?
2, 7, 29, 111053
List the prime factors of 127553338.
2, 11, 73, 79423
What are the prime factors of 916192898?
2, 6961, 65809
What are the prime factors of 46847196?
2, 3, 11, 281, 421
List the prime factors of 79627830.
2, 3, 5, 17, 43, 3631
List the prime factors of 2349886041.
3, 13337, 19577
What are the prime factors of 153038084?
2, 19, 2013659
List the prime factors of 371836252.
2, 79, 163, 7219
List the prime factors of 1260432816.
2, 3, 3433, 7649
List the prime factors of 1321146633.
3, 347, 1269113
What are the prime factors of 193611463?
19, 10190077
List the prime factors of 148716383.
148716383
List the prime factors of 867690062.
2, 19, 31, 431, 1709
List the prime factors of 294276569.
294276569
List the prime factors of 310814004.
2, 3, 25901167
List the prime factors of 76350634.
2, 53, 720289
What are the prime factors of 731785933?
139, 5264647
List the prime factors of 2360907149.
19, 47, 347, 401
What are the prime factors of 235220536?
2, 29402567
What are the prime factors of 263489267?
263489267
List the prime factors of 474646716.
2, 3, 1464959
List the prime factors of 66255188.
2, 17, 541, 1801
List the prime factors of 377540320.
2, 5, 31, 103, 739
What are the prime factors of 189489493?
189489493
List the prime factors of 606880420.
2, 5, 4129, 7349
List the prime factors of 28543491.
3, 19, 71, 2351
What are the prime factors of 864469634?
2, 7, 139, 307, 1447
List the prime factors of 312074789.
13, 457, 52529
What are the prime factors of 543269326?
2, 10607, 25609
List the prime factors of 6338186909.
15737, 402757
What are the prime factors of 1139912?
2, 89, 1601
List the prime factors of 48547644.
2, 3, 751, 5387
List the prime factors of 102252616.
2, 1699, 7523
What are the prime factors of 114800517?
3, 13, 139, 181
List the prime factors of 6317284384.
2, 6133, 32189
List the prime factors of 4496865351.
3, 11, 136268647
What are the prime factors of 832487158?
2, 733, 567863
List the prime factors of 240028700.
2, 5, 269, 8923
What are the prime factors of 37063507?
13, 31, 91969
List the prime factors of 145608739.
29,